rime factors of 761776979?
37, 103, 199889
List the prime factors of 1796566041.
3, 23, 211, 13711
List the prime factors of 408911915.
5, 131, 197, 3169
List the prime factors of 56964680.
2, 5, 43, 33119
List the prime factors of 60157411.
60157411
List the prime factors of 308877096.
2, 3, 11, 593, 1973
List the prime factors of 192505712.
2, 7, 29, 8467
List the prime factors of 4238217201.
3, 79, 17882773
List the prime factors of 857287957.
3989, 214913
List the prime factors of 296340507.
3, 73, 451051
List the prime factors of 946189457.
7639, 123863
What are the prime factors of 185921207?
43, 79, 229, 239
List the prime factors of 302893202.
2, 283, 457, 1171
List the prime factors of 316374341.
316374341
What are the prime factors of 72257828?
2, 18064457
What are the prime factors of 285521254?
2, 142760627
What are the prime factors of 478700089?
7, 6521, 10487
What are the prime factors of 3058800612?
2, 3, 7, 569, 63997
What are the prime factors of 97696360?
2, 5, 29, 84221
What are the prime factors of 80707398?
2, 3, 17, 59, 13411
What are the prime factors of 31822836?
2, 3, 1307, 2029
What are the prime factors of 1278224311?
7, 13, 37, 379633
List the prime factors of 386081747.
17, 1087, 1229
List the prime factors of 260080672.
2, 2161, 3761
List the prime factors of 140775043.
140775043
What are the prime factors of 125761051?
13, 233, 41519
What are the prime factors of 236480751?
3, 13, 2021203
What are the prime factors of 13252793?
13252793
List the prime factors of 71235615.
3, 5, 11, 431731
What are the prime factors of 85338260?
2, 5, 7, 149, 4091
What are the prime factors of 18095370?
2, 3, 5, 257, 2347
What are the prime factors of 338801925?
3, 5, 7, 11, 17, 29
What are the prime factors of 578075773?
11, 373, 140891
List the prime factors of 552205991.
8293, 66587
What are the prime factors of 682170748?
2, 7, 31, 43, 373
What are the prime factors of 1394883104?
2, 43590097
What are the prime factors of 1049782861?
17, 29, 881, 2417
What are the prime factors of 247602179?
11, 2046299
List the prime factors of 53143154.
2, 26571577
What are the prime factors of 530674085?
5, 19, 5586043
What are the prime factors of 32412765?
3, 5, 7, 11, 19, 211
List the prime factors of 72995904.
2, 3, 14081
List the prime factors of 24458148.
2, 3, 11, 13, 4751
List the prime factors of 294951727.
7, 103, 58441
List the prime factors of 85382640.
2, 3, 5, 7, 5647
What are the prime factors of 40042354?
2, 11, 83, 21929
What are the prime factors of 28653194?
2, 17, 89, 557
List the prime factors of 44259873.
3, 7, 19, 110927
What are the prime factors of 485703900?
2, 3, 5, 11, 71, 691
What are the prime factors of 658690830?
2, 3, 5, 7, 41, 3643
What are the prime factors of 11870382?
2, 3, 79, 317
What are the prime factors of 107676655?
5, 53, 406327
What are the prime factors of 1792294694?
2, 199, 4503253
What are the prime factors of 21089880?
2, 3, 5, 7, 8369
What are the prime factors of 17608801?
7, 19, 43, 3079
List the prime factors of 1804608608.
2, 11, 1009, 5081
List the prime factors of 193663459.
11, 41, 429409
What are the prime factors of 1273198602?
2, 3, 13, 79, 367, 563
List the prime factors of 1618352319.
3, 20113, 26821
List the prime factors of 131581729.
29, 4537301
What are the prime factors of 151356915?
3, 5, 137, 24551
List the prime factors of 132074647.
709, 186283
List the prime factors of 1157617870.
2, 5, 3529, 32803
What are the prime factors of 44752928?
2, 11, 127139
What are the prime factors of 117656361?
3, 223, 19541
What are the prime factors of 550797832?
2, 13, 31, 170843
What are the prime factors of 70639322?
2, 13, 1601, 1697
What are the prime factors of 319926819?
3, 859, 124147
What are the prime factors of 582983813?
1987, 293399
What are the prime factors of 4981622?
2, 2490811
What are the prime factors of 247602421?
11, 103, 19867
List the prime factors of 56585067.
3, 7, 11, 244957
List the prime factors of 97844207.
97844207
List the prime factors of 144836200.
2, 5, 181, 4001
What are the prime factors of 273817756?
2, 89, 769151
List the prime factors of 422118689.
422118689
List the prime factors of 1461036532.
2, 365259133
What are the prime factors of 22135348?
2, 5533837
What are the prime factors of 768072759?
3, 89, 127, 22651
List the prime factors of 142253994.
2, 3, 17, 373, 3739
List the prime factors of 29192416.
2, 11, 239, 347
List the prime factors of 185634857.
185634857
What are the prime factors of 370660521?
3, 7, 11, 31, 191, 271
What are the prime factors of 284056674?
2, 3, 11, 4303889
What are the prime factors of 312465449?
4603, 67883
List the prime factors of 199437603.
3, 66479201
What are the prime factors of 103924117?
11, 858877
List the prime factors of 231676975.
5, 19, 487741
List the prime factors of 406987666.
2, 1637, 124309
What are the prime factors of 168238440?
2, 3, 5, 467329
List the prime factors of 278953072.
2, 3917, 4451
List the prime factors of 4205512308.
2, 3, 350459359
List the prime factors of 47069382.
2, 3, 7844897
What are the prime factors of 1309510?
2, 5, 17, 7703
List the prime factors of 568046216.
2, 5897, 12041
What are the prime factors of 635697408?
2, 3, 31, 26701
List the prime factors of 37665310.
2, 5, 31, 121501
List the prime factors of 257954810.
2, 5, 139, 151, 1229
What are the prime factors of 1406495564?
2, 351623891
What are the prime factors of 255657361?
101, 2531261
List the prime factors of 139617704.
2, 127, 131, 1049
List the prime factors of 33798239.
4999, 6761
List the prime factors of 3165000023.
601, 1553, 3391
List the prime factors of 109336786.
2, 13, 29, 145009
List the prime factors of 2858907019.
2858907019
List the prime factors of 54897244.
2, 13724311
What are the prime factors of 512864079?
3, 7, 13, 1878623
List the prime factors of 152878523.
7, 67, 233, 1399
List the prime factors of 175004994.
2, 3, 1667, 17497
List the prime factors of 2668696105.
5, 6529, 81749
What are the prime factors of 311739332?
2, 23, 3388471
List the prime factors of 40631292.
2, 3, 13, 17, 5107
What are the prime factors of 191740582?
2, 11, 503, 17327
List the prime factors of 129600632.
2, 7, 2314297
What are the prime factors of 3358953454?
2, 41, 40962847
What are the prime factors of 600251856?
2, 3, 12505247
List the prime factors of 296231548.
2, 1993, 37159
What are the prime factors of 267940511?
8707, 30773
What are the prime factors of 463682394?
2, 3, 7, 19471
What are the prime factors of 642165799?
11, 79, 131, 5641
List the prime factors of 51755291.
7, 7393613
What are the prime factors of 293675794?
2, 263, 558319
What are the prime factors of 2107250738?
2, 787, 1338787
What are the prime factors of 3475601335?
5, 239, 401, 7253
List the prime factors of 1688174626.
2, 31, 27228623
What are the prime factors of 858698936?
2, 107337367
List the prime factors of 156901012.
2, 19, 2064487
What are the prime factors of 233963406?
2, 3, 23, 593, 953
List the prime factors of 221826314.
2, 2393, 46349
What are the prime factors of 77951042?
2, 13, 71, 42227
What are the prime factors of 845050632?
2, 3, 67, 525529
What are the prime factors of 3493629826?
2, 19, 29, 3170263
List the prime factors of 56293163.
137, 410899
List the prime factors of 1026283211.
47, 587, 37199
List the prime factors of 4017690588.
2, 3, 334807549
List the prime factors of 734889367.
151, 587, 8291
List the prime factors of 11974450.
2, 5, 239489
What are the prime factors of 4450701964?
2, 1112675491
List the prime factors of 383867125.
5, 23, 133519
List the prime factors of 381043817.
7, 11, 4948621
What are the prime factors of 581301090?
2, 3, 5, 43, 50069
List the prime factors of 814749133.
11, 74068103
List the prime factors of 81650111.
419, 194869
List the prime factors of 114272039.
7, 139, 117443
List the prime factors of 30409294.
2, 17, 894391
List the prime factors of 119326678.
2, 719, 82981
List the prime factors of 317985242.
2, 158992621
What are the prime factors of 2910041334?
2, 3, 17, 307, 30977
List the prime factors of 63859743.
3, 37, 71, 73
List the prime factors of 91064975.
5, 239, 15241
What are the prime factors of 631391414?
2, 1187, 265961
List the prime facto